-4) - (618 + -688).
50
Evaluate 11 - ((12 + -11 - (-20 - 40)) + 18).
-68
What is the value of 2 - -11 - (-52 + 26 + 20)?
19
What is the value of -586 + 667 + (2 - (2 + 0 + 0 + -1))?
82
What is (-8492 - -8540) + -65 + 1?
-16
-7 - ((9 + 16 - 50) + 6)
12
What is 0 + 3 - (-10 + -13 + 8 + -6 + 11)?
13
Evaluate 2315 + -2380 - (-6 + -2).
-57
Calculate (-2 - 19) + (21 + -19 - -5) + -23.
-37
Evaluate (0 - 12 - -54) + (29 - 7 - 39).
25
What is the value of -108 + (-99 - -202) - (-32 + 0 + 2)?
25
What is the value of 48 - (-4 + 25 + -44 + 50)?
21
Calculate -6 + -17 - (-395 + 389).
-17
Calculate 51 + -54 + -3 + -1 + 64.
57
What is the value of (-17 - -10) + 3 + 2 - (-15 + 13 - -18)?
-18
Calculate (-10 + (-12 - -12) - 30) + 13.
-27
Calculate (-44 - -83) + -5 - -6.
40
What is -14 - ((144 - 137) + 1 + -1 + -3 + 1)?
-19
What is the value of -47 + -1 + (-21 - (-7 - 31))?
-31
Evaluate 5 - (14 + -26) - 20 - -5 - (-46 - -1).
47
What is the value of 67 + -47 - 83 - (-2 - (0 + 7))?
-54
What is 0 + -13 + 26 + -7 - 12?
-6
What is 57 - (-6 + 15 - (-13 - 1))?
34
Evaluate -5 + (68 - 103) + (14 - 0).
-26
Evaluate -72 + 96 + 119 + -78.
65
What is 106 - (132 + -77 - 19)?
70
Calculate -44 - (-279 - -187) - (1 + (-1 + -1 - -11)).
38
Calculate 67 + (-4 - -1) + (-111 - -106) - (4 + -4).
59
Calculate -30 - (44 - (29 + -10)) - -13.
-42
Calculate (-6 - (11 + (-25 - -2))) + -69 + 8.
-55
What is the value of -4 + (61 - (63 + 41))?
-47
What is 10 - ((-2 - -26) + (-33 - -41) + -9)?
-13
What is the value of 116 + -108 + (-4 - (1 + -7)) + -14?
-4
What is the value of -49 + (48 + -50 - -51)?
0
What is 15 + -68 + 12 + 22 + -23?
-42
Calculate -9 + 42 + (-41 - 3) + (-3 + 6 - 9).
-17
What is the value of -29 + -1 - (-92 + (-121 - -106))?
77
What is the value of (88 - (-97 - -231)) + 57?
11
What is the value of 161 + -281 + 131 - (-2 + (2 - 1) + -41)?
53
16 + 35 + -14 + 5 + -10
32
What is 16 + 1 + -4 - (-37 + 38) - 80?
-68
What is the value of 1 + 62 + (-3 - (3 + -19 + 1))?
75
Evaluate -17 + -8 + 13 - (1 - 7) - 1.
-7
What is the value of 14 + (-19 - (2 + (-13 - -6)) - -73)?
73
Evaluate (691 - 719) + 0 + -1 + -4 + 4.
-29
Calculate -75 + (-76 + 153 - -37).
39
What is the value of (-8 - (-58 - -1)) + (10 - -10 - 6)?
63
Calculate 25 + (14 + -3 - 7) - (15 + (-9 - -4)).
19
What is 184 + (3 - 189) + (1 - -73)?
72
Calculate -10 - (-30 + -12 + -15 + 12).
35
What is the value of 5 + -72 - ((5 + -5 - 2) + 4)?
-69
What is the value of 150 - -1 - (1553 + -1440)?
38
What is -64 + 1 - (-87 + -39 + 124 + (-1 - -2))?
-62
What is -3 + (0 - -2) + 36 + 39 + -30?
44
What is the value of 4 - 5 - ((1 - (16 - 11)) + -7)?
10
Calculate -1864 + 1846 - (0 + -24 + -1).
7
What is the value of 10 + (35 + 0 - (229 + -199) - (-11 - 0))?
26
Calculate -10 + -1 + (-8 - -24) + (2 - (1 - 12)).
18
What is -38 - (59 - (59 - -68))?
30
-8 + 5 + -6 + ((-27 - -15) + 18 - -1)
-2
Calculate 10 + (-21 + 31 + -3 - -21).
38
What is the value of (-1142 - -1171) + (74 - -5)?
108
Evaluate -21 + (-45 - 2) + (24 - -5).
-39
0 - -133 - (-3676 - -3751)
58
Calculate 11 - ((-39 - (-54 - -18)) + 0 + 3).
11
What is the value of (-12 - 1 - -16) + 33?
36
What is -1 - (-3 + (9 - -5) - (-8 + (14 - 4)))?
-10
What is the value of 74 + -49 + (41 - 41)?
25
32 + -198 + 91 - -92
17
(-11 + 82 - 20) + (-5 - -17)
63
Calculate 14 - (271 + -284 + 125 + 1 - (0 + -14)).
-113
Evaluate -5 - -98 - (-4028 - -4213).
-92
What is 24 + -22 - -9 - ((-31 - -2) + 6 + -8)?
42
What is the value of 11 + (-7 - 2) - (-226 - -222)?
6
What is the value of 64 + -54 + (-35 + 27 - -29)?
31
(-35 - (8 + 10) - -9) + -25
-69
Calculate ((20 - 35) + 16 - (1 + 0)) + (-13 - -65).
52
Evaluate -125 + (-2 + 2 - 5) - (-587 + 574).
-117
What is the value of (5 + -2 - (4 - 2)) + 3 - (-25 - -4)?
25
Evaluate (-3 - (-6 - -2) - -7) + (1 - -46 - 0).
55
12 + 4 - (141 + -70 + -45)
-10
What is the value of 40 + -3 - (-57 + 106 + -162)?
150
Calculate -521 + 518 + (-2 - -10) + -4.
1
Evaluate 48 - 29 - (21 - 23).
21
What is the value of 3067 - 3008 - (42 - 1)?
18
What is 18 + (-35 - -23) + (-100 - 1) + (-24 - -27)?
-92
What is -14 + (1 + -2 - -1) + (-1305 - -1325)?
6
Evaluate -20 + (106 - (37 + (-4 - 3))).
56
-22 - (-108 - -37) - (-26 - -5)
70
-934 - -955 - (4 + 0)
17
-85 + 32 + -4 + -12 + 1 + -15
-83
Evaluate -7 - 0 - -14 - (-15 + (8 - -3)).
11
Evaluate -13 + 105 - ((-31 - (17 - 41)) + -2 + 9).
92
Calculate 8 - (13 + -88 + 76 + (1 - -109)).
-103
-5 + (17 + -34 - 11)
-33
What is -104 + 0 + (-8294 - -8317)?
-81
Evaluate -50 + (-40 - (-108 + 39)).
-21
Calculate 12 - -10 - ((-30 - -19) + 4).
29
Calculate 14 - (-89 - -47) - 25.
31
-8 + -7 + -13 - (-4 + 5 + (-2 - 2))
-25
What is -58 + (-17 - (-23 + (-8 - -3)))?
-47
-32 - ((31 - 1) + (2448 - 2506))
-4
Calculate ((-2 - -2) + 0 + -2 - 5) + (-16873 - -16867).
-13
Evaluate 63 + (31 + -109 - -106).
91
Evaluate (29 - (-2 - -2)) + (-261 + 263 - (4 + 4)).
23
Evaluate -18 - (5 - (23 - 6)) - -17.
11
(75 - (17 - 5)) + -75
-12
(-1 - 2) + ((15 - 9) + 8 - (73 - 125))
63
What is the value of 12 + (-7 - (-20 - (67 - (-15 - -14))))?
93
What is the value of (-2 + 14 - 19) + -21 + (0 - -10)?
-18
What is the value of (38 - (67 - -27)) + 33?
-23
What is 2 - 61 - (27 - (12 - -39) - -26)?
-61
What is the value of -172 + 77 + (110 - 79)?
-64
Calculate -21 + 27 + (-89 - -106).
23
Calculate -17 - -6 - 40 - (-32 - -24).
-43
What is the value of (-20 - (-19 + 10)) + 6 + 13 - 75?
-67
Evaluate 355 + -271 + -141 + (2 - -1 - 2).
-56
Evaluate -2 + 10 + (45 - 21) + -21.
11
-33 - (3 + -4 + (-4 - 7 - -11))
-32
Evaluate (-35 - -39) + (4 - 2) - (-41 - 10).
57
Calculate (-27 - (0 + -14)) + 11 + -39.
-41
-62 + 110 + (-146 - -69)
-29
Calculate 24 + -14 - (-5 + 0 - -23) - (-1 - -7).
-14
8 + 32 - 17 - (18 - 8)
13
Calculate (-9 - -3) + 1 + 4 + 5 + -2 - 37.
-35
What is (-9 - -12) + (11 - 7 - -2) - 22?
-13
What is the value of (8703 - 8504) + (-88 - -2)?
113
79 + (59 + -48 - (7 - 3 - 5))
91
What is the value of (-298 - -270) + 14 + -65?
-79
What is 7 - (-6 + -7 + -1 + -36 - 0)?
57
Calculate -21 - (-57 + 35) - -60.
61
Calculate -21 + (48 - 53) + 16 - (1 - (1 + 29)).
19
-13 - (-13 + 3 + (-41 - (-2 - 3)))
33
What is the value of 89 - (1 - (-9 - 12) - 11 - 5)?
83
What is the value of -70 + 55 + 2 + 5 + 21?
13
(0 + 30 - 31) + -16 - (0 + -2)
-15
Calculate 16 + -1 + (-67 - -71).
19
What is -1 - 2 - -3 - (1 + -5 + -2) - 55?
-49
Evaluate -33 + (85 - 7 - 81).
-36
-58 - (19 + -39 + 17)
-55
What is the value of (-79 + 49 - -109) + -62?
17
What is the value of (-44 + 45 - -20) + (-27 - 2)?
-8
Evaluate -42 + 22 + 51 + -56 + 50.
25
Calculate (0 - -11) + (22 - 31 - -64).
66
(-4 - -96) + -5 - (24 + -58 + 35)
86
Calculate -18 - ((-21 - (-1 - 19)) + 15 - 16).
-16
What is (35 + 42 - 41) + 2 + -20?
18
What is (-84 - (-141 - -31)) + (-1 - -47)?
72
What is the value of -51 - (16 + -56 + 11)?
-22
Calculate -4 - -2 - ((18 + -43 - 49) + 9 + -2).
65
Evaluate -2 + -16 - (8 - (-26 - -16)).
-36
Calculate 16 - (0 + (5 + -15 + 8 - -4)).
14
What is (-10 - 2) + 33 + -28 + 14 + -21?
-14
What is the value of (-3 - -107) + 13 + 13?
130
Calculate -43 - -2 - (-31 - (-32 - (-19 + 18))).
-41
(-16 - 41 - -39) + 64
46
-9 + 1 + 46 + -23 + -8 + -10 + 7
4
What is the value of -12 + (-1 - 1 - (1 + 8) - -3)?
-20
Calculate 123 - -28 - -34 - 57.
128
What is the value of 9 + -26 + -4 + -28 + 31?
-18
Evaluate (-20 - -43 - 21) + -1 + -69.
-68
What is the value of (-20 - -99 - 34) + (12 - -7)?
64
What is the value of ((7 - -1) + -56 - (70 + -64)) + 10?
-44
-27 + 66 + -4 + -14 - 35
-14
Evaluate 48 - (-31 - 42 - -84).
37
-57 - (8 - (22 - (31 - 19)) - 20)
-35
What is 1 + -41 + (2528 - 2527)?
-39
(-10 - (-122 - -47)) + -105
-40
What is the value of -77 - (-119 - (47 - 93))?
-4
What is 103 + -110 + 8 + -19?
-18
-40 + -33 + 63 - -48
38
Calculate -68 - (-99 - (79 - 62)).
48
What is 6 - (13 - 11) - ((0 - 7) + 16 + -17)?
12
Calculate -9 + (-7 + -1 - (-26 + -38 + -9)).
56
Calculate 42 + (-47 - -36) + 1.
32
What is 0 + -2 + -6 + (-433 - (-162 - 126))?
-153
What is -1 - (-7 - 2 - (-111 - (-155 - -69)))?
-17
Evaluate 0 - 3 - -10 - (98 - 46 - 63).
18
What is 118 + (-180 + 82 - -32)?
52
4 - (39 + (-3 + 2 - (33 - 34)))
-35
Evaluate -45 - (-6 - -3) - (12 + -14 + -5 + -1).
-34
What is the value of -89 + (-1 - 6) + (-49 - -53) + 22 + -6?
-76
What is the value of (-2 + 7 - (-8 - (-4